mmon divisor of 49 and t.
7
Let n(g) = 10*g - 20. Let s be n(4). Let w(x) = x**2 + 5*x - 2. Let k be w(-5). Let p be 1/2*(k - -12). What is the greatest common divisor of s and p?
5
Suppose 0 = -d + 11 + 11. Suppose -3*v + 26 = 3*y - 2*y, y - 5 = 0. Let z = d - v. What is the greatest common factor of 15 and z?
15
Let q(h) = -h**3 - 9*h**2 - h - 7. Let b be q(-9). Suppose 5*j + 20 = 0, -r + b*j = -6 - 6. Calculate the highest common factor of r and 10.
2
Let m(s) = 7*s + 3. Let k be -3 - (2 - 3) - -7. Let h be m(k). What is the greatest common divisor of 57 and h?
19
Let x(b) = -2*b - 2. Let q be x(-6). What is the greatest common factor of 10 and q?
10
Let s be 1/(6/(-36)) + 11. Let v = -28 - -73. What is the highest common divisor of s and v?
5
Let r be (-362)/(-9) - 2/9. Let z be 3*2/9*15. Calculate the greatest common divisor of z and r.
10
Suppose 124 = o - 3*x, -4*o + 2*x = x - 485. What is the greatest common factor of 11 and o?
11
Let x = -31 + 51. Calculate the highest common divisor of 25 and x.
5
Let r be (52/8)/((-1)/(-14)). What is the highest common divisor of r and 13?
13
Suppose 0 = 4*x - 26 - 274. Let b = x - -6. What is the greatest common factor of b and 9?
9
Let m(w) be the second derivative of w**3/3 + 5*w**2 - 5*w. Let c be m(9). What is the highest common divisor of 70 and c?
14
Let q = 7 - 5. Let n be (7 + 3 + 0)/q. What is the greatest common divisor of 35 and n?
5
Let z = -7 + 25. Calculate the highest common divisor of 198 and z.
18
Suppose 135 = 5*p + 5*z, 2 + 129 = 5*p + 4*z. Suppose 3*o - p = -95. Let n be (2/(-6))/(4/o). What is the highest common divisor of 12 and n?
2
Suppose 0*d - 3*d + 3 = 0. What is the highest common factor of d and 9?
1
Suppose c + 84 = 4*c. Let k = 48 - 29. Let u = -12 + k. What is the greatest common divisor of u and c?
7
Let x = 163 + 109. What is the highest common divisor of 34 and x?
34
Let g be 4 - 1/(1 + 0). Let y be (2 - -1 - 1) + -3. Let h be (1*9)/(y/(-2)). What is the highest common divisor of h and g?
3
Let u = -8 + 8. Suppose 0 = -l + 3, 4*v + l + l - 54 = u. Let a = 166 - 34. Calculate the highest common divisor of a and v.
12
Suppose -34 = -m + 4*i, 107 = 3*m - 5*i + 5. Let c = 61 - m. Let q = 12 - 3. Calculate the greatest common divisor of c and q.
9
Suppose -5*m - 20 + 5 = 2*d, -d - 5 = 2*m. Suppose a + 0*n = -3*n + 14, -d*n = 4*a - 63. What is the highest common factor of 85 and a?
17
Suppose -3*a = 26 + 4. Let u be (108/30)/((-2)/a). What is the greatest common factor of u and 12?
6
Suppose 4*j - 2*j - 28 = 0. Let f = -209 + 321. Calculate the highest common factor of f and j.
14
Suppose -156 = -3*w - 2*r, 0 = 4*w - r - r - 194. What is the highest common divisor of 10 and w?
10
Let i be (0 - 1)/1 + 3. Let u = -2 + -8. Let x = 20 + u. What is the highest common divisor of i and x?
2
Let a = -188 - -210. Calculate the greatest common divisor of 176 and a.
22
Let k be 68*((-21)/(-12) + 1). Suppose -3*f + f = -34. What is the highest common divisor of f and k?
17
Let g be ((-124)/(-4)*1)/(-1). Let a = g + 43. Calculate the greatest common factor of a and 96.
12
Suppose 0 = 3*c + 4*z - 303, -c + 4*z + 99 = 6*z. What is the highest common divisor of c and 15?
15
Let d be (-4)/(-10)*(-385)/(-7). Suppose 3*w + i - 25 = d, -5*w + 81 = 3*i. What is the greatest common factor of w and 120?
15
Let c = 437 + -295. Suppose 3*g = -9, -2*a + 5*g + c - 17 = 0. What is the greatest common divisor of a and 22?
11
Let r(h) = 3*h + 5. Let c be r(4). Let g be (34/3)/(4/6). Calculate the highest common divisor of g and c.
17
Suppose -2*k + 464 = 5*n, -197 - 71 = -3*n + 4*k. Let v = 152 - n. Calculate the greatest common factor of 12 and v.
12
Let h(i) = -i**3 + i**2 + i + 11. Let k be h(0). Suppose -5*t + 418 = -187. Calculate the greatest common factor of t and k.
11
Let u be (1 - 10)/(3/(-69)). Suppose -3*v = -u + 18. Let w(x) = -10*x**3 - 2*x**2 - x. Let i be w(-1). Calculate the highest common factor of v and i.
9
Let l(g) = -g**3 + 8*g**2 - 4*g - 9. Let v be l(7). Calculate the highest common divisor of v and 96.
12
Let i be (0 + -10)/((-10)/(-65)). Let o be 2/10 + (-637)/i. Calculate the highest common factor of o and 25.
5
Suppose 0 = -16*a + 11*a + 30. Calculate the highest common divisor of a and 3.
3
Suppose -a + 350 = 3*l, -572 = -5*l + a + 3*a. What is the greatest common factor of l and 58?
58
Let c be ((-84)/(-8) - -3)*4. What is the highest common factor of c and 27?
27
Suppose 0 = 6*p - 3*p - 132. Suppose -4*u + 36 = -p. What is the highest common divisor of 20 and u?
20
Let u = 5 + 85. Calculate the highest common divisor of u and 10.
10
Let y = 22 - -34. What is the greatest common factor of 16 and y?
8
Suppose -4*h + 106 = 3*b - 107, -b = h - 53. Let g = -9 - -15. What is the highest common factor of h and g?
6
Suppose 4*z - 315 = -z. Suppose 4*f - 3*a - z = -10, -f = 2*a - 16. What is the highest common divisor of 154 and f?
14
Let q be (-1 + -2 + 4)/((-3)/(-42)). What is the highest common factor of 77 and q?
7
Let b be ((-30)/(-40))/((-2)/(-48)). Suppose 10*l + 288 = 14*l. What is the highest common factor of l and b?
18
Suppose -4*d = 5*u - 97 - 2, 5*d = -3*u + 127. What is the greatest common divisor of 234 and d?
26
Let w be 6*(10/6 + -1). Suppose -t = w*t. Let c be 20 - (-2 + (2 - t)). What is the highest common factor of 50 and c?
10
Suppose 0 = u - 8 + 7. What is the greatest common factor of 9 and u?
1
Let q(c) = -c + 14. Let u be q(12). Suppose 0 = -4*d + 4*o + 12, d = -0*o - u*o + 9. What is the highest common factor of d and 20?
5
Suppose -a = -5*d - 33, -2*a = -3*a - 3*d + 9. Suppose 0 = 4*m - m - 27. Calculate the highest common factor of a and m.
9
Let m = -58 + 85. Let w = m + -18. What is the greatest common factor of w and 9?
9
Suppose -26 = -3*y + 10. What is the highest common divisor of y and 36?
12
Suppose 5*b = j + 14, 10 - 27 = -5*b - 2*j. Suppose 2*n - 4*k - 6 = 0, -2*n = -n - 4*k - b. Calculate the greatest common factor of n and 21.
3
Let w = 11 - -29. Calculate the highest common divisor of 16 and w.
8
Suppose 3*h - 280 - 44 = 0. What is the highest common factor of 27 and h?
27
Let y(c) = c + 2. Let k = 1 + 5. Let i be y(k). Let l(v) = v + 2. Let j be l(6). Calculate the highest common divisor of j and i.
8
Let v(i) = 2*i**2 + 2*i - 9. Let w be v(3). Let m be 63/6 - (-3)/(-6). Calculate the highest common divisor of m and w.
5
Let v be ((-40)/6)/(4/(-12)). What is the highest common divisor of v and 30?
10
Let p = -9 - 0. Let z = 18 + p. Calculate the highest common factor of 18 and z.
9
Let z be (-4)/10 - (-21)/15. Let c = -59 + 67. What is the highest common divisor of c and z?
1
Let z be 302/5 + (-4)/10. Suppose -3 = -p - 6*n + n, -z = -4*p - 4*n. Let t(u) = -49*u - 4. Let b be t(-1). What is the highest common divisor of p and b?
9
Let x be 70/(-21)*48/(-10). Suppose -3*q = -q - 12. Let m = x - q. What is the highest common divisor of m and 90?
10
Let i(q) be the first derivative of q**4/4 + 5*q**3/3 + 3*q**2/2 - 4*q - 4. Let d be i(-3). Calculate the greatest common factor of 5 and d.
5
Let v = 24 + 10. What is the greatest common factor of v and 51?
17
Suppose -4*t + 12 = 0, 3*t + 87 = -0*i + 4*i. What is the greatest common divisor of 4 and i?
4
Let x(n) = -n**3 + 2*n**2 + 4*n. Let i be 13/3 - (-2)/(-6). Let a be x(i). Let j = -8 - a. Calculate the greatest common factor of 88 and j.
8
Let g be (3 - -3)/(-2 - (-33)/15). Calculate the greatest common divisor of g and 20.
10
Suppose 5*s + w - 35 = 0, 5 = 5*s - 4*w - w. What is the highest common factor of 24 and s?
6
Let l = -1 + 9. Suppose s = -0*s + l. Let y = 27 - 3. Calculate the highest common divisor of y and s.
8
Suppose d - 64 = -d. Suppose 0*u = 5*u - 2*m - d, 4*u - 40 = -2*m. Let k(i) = i**2 - i + 40. Let r be k(0). What is the highest common divisor of u and r?
8
Let c be 1/(3/180) + 0. Suppose -3*q = -2*q - 3*s - 48, -2*q + c = 3*s. Calculate the highest common divisor of 24 and q.
12
Suppose -3*q = 12, 2*a - 3*a = 3*q - 203. What is the greatest common divisor of a and 43?
43
Suppose -c - 5*c + 210 = 0. What is the highest common factor of 245 and c?
35
Suppose -2*l = s - 4*l - 10, -s + 16 = -5*l. Let p(f) = 41*f**3 + f**2 + f - 1. Let j be p(1). Calculate the highest c